e factors of u?
3, 16661
Let i = -157 - -505. Suppose 42 = o - i. List the prime factors of o.
2, 3, 5, 13
Suppose -4813551 = 123*q - 12508800. What are the prime factors of q?
62563
Suppose -10*i = -12*i + 2. Suppose -v + 4 = i. Suppose 264 = v*p - 294. List the prime factors of p.
2, 3, 31
Suppose 23560*c - 708141 = 23539*c. List the prime factors of c.
33721
Suppose -4408 = -g + 23*v - 18*v, 0 = -15*g - 3*v + 66276. List the prime factors of g.
2, 47
Suppose -41*n + 30510 = -32*n. Let c = 4860 - n. List the prime factors of c.
2, 3, 5, 7
What are the prime factors of (-2751)/(-42)*(14 + 444)?
131, 229
Suppose -4*f - 36455 = -2*o + 9901, o + 2*f = 23182. List the prime factors of o.
2, 5, 19, 61
Let u(h) = h**3 - 19*h**2 + 20*h - 31. Let f be u(18). Suppose 4*i = -f*z + 563, z - 176 = -4*i - 57. List the prime factors of z.
3, 37
Let h(t) = 162*t**2 - 525*t - 2. What are the prime factors of h(13)?
20551
Let q = -345 + 174. Let x be 38/q + 184/18. Let m(t) = -t**2 + 9*t + 16. What are the prime factors of m(x)?
2, 3
Let u(x) = x - 5. Let a be u(5). Suppose a = 2*c + 5*c - 14. Suppose c*b - 3*b = -29. What are the prime factors of b?
29
Suppose -35*l = -41*l - 6. Let w be 0 - (-3 - l)*(-5)/(-2). Suppose -w*t - 33 = 3*r - 252, -5*r + 387 = t. What are the prime factors of r?
2, 3, 13
Let o be 6*11/((-66)/4)*-4. What are the prime factors of 6/o - 4077*(-1)/8?
2, 3, 5, 17
Let s be 13832/88 + (-2)/11. Let b = -65 - -102. Suppose b - s = -2*h. What are the prime factors of h?
2, 3, 5
Suppose -5*w = 5*y - 149 - 36, 3*y - 147 = -4*w. Suppose 9422 - 46394 = -w*r. List the prime factors of r.
13, 79
Suppose 25 = -5*d, -5*s - d = -12996 - 8634. Let f = s + -2665. List the prime factors of f.
2, 3, 277
Let b = 819 - 583. Let i be (8/14)/((-2)/(-7)). Suppose -b = -2*y + i*l, l = -5*y - l + 590. List the prime factors of y.
2, 59
Suppose -k - 1919 - 8253 = -2*w, -5*k + 5108 = w. What are the prime factors of w?
2, 3, 53
Let x be (-3)/(-12) - 4305/20. Let v be (x/15)/(2/(-84)). Suppose 0*b = 7*b - v. What are the prime factors of b?
2, 43
Suppose 5*d = -4*s + 30007, -2*s + 10339 = -5*d - 4642. List the prime factors of s.
2, 23, 163
Suppose 4*q - 13331 = 5*v, 3*v = 5*q - 0*v - 16667. Suppose -3*b = -q + 958. List the prime factors of b.
2, 3, 11
Let i = 2 - 2. Let o be (-63)/45 + 2 + (-7)/(-5). Suppose -k + 88 = -3*c, o*c - 5*c - 12 = i. What are the prime factors of k?
2, 19
Suppose -334*h = -171*h - 180*h + 212755. What are the prime factors of h?
5, 2503
Let z be (-404)/(-8) + -5 - (-6)/4. Suppose 49603 - 9183 = z*x. List the prime factors of x.
2, 5, 43
Let r(l) = 8*l**3 + l**2 + 7*l - 2. Let n be r(3). Suppose 68 + 1146 = 5*a + 3*q, -q = a - n. What are the prime factors of a?
241
Let t = -21780 - -30742. What are the prime factors of t?
2, 4481
Suppose 44 = 2*t - 4*m, -t = -3*t - 5*m + 44. Suppose 0 = t*w + 2*w - 30936. What are the prime factors of w?
1289
Let d(i) = -i**3 - 86*i**2 - 156*i + 882. List the prime factors of d(-92).
2, 3, 11003
Let n(b) = 3*b**3 + 5*b**2 + 7*b - 5. Let g be n(-4). Let y = g + 180. Let u = 169 + y. What are the prime factors of u?
2, 3, 17
Let x(o) = -8*o - 49. Let z be x(-6). Let b(r) = r + 5. Let a be b(z). Suppose -2*n - 316 = -a*j, 82 = 6*j - 5*j + n. List the prime factors of j.
2, 5
Let i = -19 - -9. Let n(h) = -27*h - 44. List the prime factors of n(i).
2, 113
List the prime factors of 0 + -3 + 6 + 4 + 34254 + -1.
2, 3, 5, 571
Suppose -66*a + 55234 = 2*s - 64*a, 3*a = 2*s - 55264. List the prime factors of s.
23, 1201
Let c(s) = -2*s + 2. Let u = 0 - -3. Let m be c(u). What are the prime factors of 18*(-7)/(-2) + m?
59
Suppose -5*g - 4*b = -954, -363 = -4*g + 3*b + 363. List the prime factors of g.
2, 3, 31
Suppose -5*n - 79 = 141. Let r = -38 - n. List the prime factors of r + -8 + 134/2.
5, 13
Suppose 0 = 5*t - j - 1408, -207 = -t - j + 71. List the prime factors of (0/(-6) - 4/1) + t.
277
Suppose -1901*m - 78 = -1940*m. Let l be (-596)/(-2) + -3 + 2. Suppose -l = -2*f - m*y + 5*y, 0 = -4*f + 2*y + 614. List the prime factors of f.
2, 3, 13
Suppose -5*m + 15 = 0, -70 - 1342 = -2*b - 2*m. List the prime factors of b.
19, 37
Let h(o) = 782*o**2 - 84*o + 344. What are the prime factors of h(4)?
2, 5, 313
Let u(g) = -16371*g - 6197. What are the prime factors of u(-3)?
2, 10729
Let p = 61678 - 33342. What are the prime factors of p?
2, 7, 11, 23
Let d = 313 + -248. Suppose -5*w - 4*y = -d, 6*w + y - 50 = w. What are the prime factors of w?
3
Suppose 3*l = -217*p + 215*p + 11809, -29565 = -5*p + l. What are the prime factors of p?
2, 739
Suppose -t = 2*t - 2*x + 11, -t + 3*x + 1 = 0. Let n be (-1 - (-20)/t) + 2. List the prime factors of (n/(-4))/(6/1848*7).
3, 11
Suppose -38*x = -36*x - 14. What are the prime factors of x/((-70)/648)*(-350)/35?
2, 3
Suppose -4*a + 23340 = -2*w, 17*w - 19*w - 8 = 0. List the prime factors of a.
19, 307
Let z(d) = 2*d**3 + 54*d**2 - d + 42. Suppose 26 = -q - h, 0 = -0*h + 2*h. List the prime factors of z(q).
2, 5, 71
Suppose -7750 = -o - c, -3*o + 2*c = 12*c - 23271. List the prime factors of o.
61, 127
Suppose 123*p + 93*p - 11588400 = 0. What are the prime factors of p?
2, 5, 29, 37
Let r(y) = -y. Let a be r(-5). Suppose 12*f = 7*f, 4*j - 4*f - 12 = 0. Suppose j*w - 22 = a. What are the prime factors of w?
3
Let q(k) = -k**3 + 23*k**2 + 28*k - 34. Let t be 2 + (93 - -2) - (-6)/(-6). Let h be t/30*15/2. List the prime factors of q(h).
2, 31
Let j be (20/(-30))/(1/6*-2). Suppose 8 = c + 4*i - j, 3*i - 3 = 0. Suppose -z = -g + 79, z - c*z + 85 = g. List the prime factors of g.
2, 5
Let b(w) = -58*w + 304. What are the prime factors of b(-3)?
2, 239
Suppose -f + 28 = 306. Let s = 168 - f. List the prime factors of s.
2, 223
Suppose s = 4*j + 11, 4*j - 2*j + s + 1 = 0. Let q be j - (-30)/(5 - -1). Suppose -895 = -5*f - h, 880 = 5*f + q*h + h. List the prime factors of f.
2, 3, 5
Let u = -208 + 368. Suppose -u = 7*t + 197. List the prime factors of (t/(-18) - 1)*6.
11
List the prime factors of (-27376)/48*(12 - 45).
11, 29, 59
Suppose 16*x + 367612 = -3*x. What are the prime factors of x/(-14) - (24/4 + 0)?
2, 43
Suppose -g - 4*n + 25820 = 0, -5*g + 129058 = -3*n + 9*n. What are the prime factors of g?
2, 1613
Let w(h) be the first derivative of -h**4/4 - 7*h**3 - 11*h**2 - 11*h - 9. Let d be w(-21). Suppose -5*z + d = -69. What are the prime factors of z?
2, 13
Suppose 15 - 27 = -6*v. Suppose -v*i + 1934 = 4*t, -t - 2*i + 479 = 3*i. List the prime factors of t.
2, 11
Let i(y) be the third derivative of -y**6/120 + 17*y**5/60 + 5*y**4/24 + 3*y**3 + 14*y**2. Let c be i(17). Let f = c - 42. What are the prime factors of f?
61
Suppose h - 2912 - 2827 - 5181 = 0. List the prime factors of h.
2, 3, 5, 7, 13
Let c = -1598 + 1544. Suppose 17 - 773 = -3*t. Let x = t + c. What are the prime factors of x?
2, 3, 11
Let i(w) = -5*w + 148. Let j be i(28). Let s(g) = 3*g**3 - 19*g**2 + 13*g - 10. What are the prime factors of s(j)?
2, 3, 23
Suppose 291*q - 281*q + 4070 = 0. Let o = 484 + q. List the prime factors of o.
7, 11
Let u(g) = -7*g + 1. Let t be u(-8). Let v = t - 52. Suppose 0*f + v*f - 500 = 0. What are the prime factors of f?
2, 5
Let o = 3170 - -1940. Suppose -25*f = -o - 9890. What are the prime factors of f?
2, 3, 5
Let v(j) = -275*j + 8232. List the prime factors of v(-101).
36007
Let z(n) = -2*n**2 - 3*n + 54. Let y be z(-6). Suppose y = 10*h - 8977 - 3223. What are the prime factors of h?
2, 5, 61
Suppose 874661 = -251*x + 6386370. List the prime factors of x.
7, 3137
Suppose -5*t - 3*c = -6698, -t + 0*c + 1340 = c. Suppose 2*v - 2405 = 3*o, -v + t = -3*o + 141. What are the prime factors of v?
17, 71
Suppose 0 = 16*j - 13*j - 72. Let l be (-128)/j*(-6)/4. Suppose -2*r + 122 = l. List the prime factors of r.
3, 19
List the prime factors of ((-4)/(-38))/((-59)/(-1121)) + 54836/2.
2, 3, 5, 457
List the prime factors of (3/6)/((-517022)/(-34468) + -15).
7, 1231
Let o = 26860 + -14338. What are the prime factors of o?
2, 3, 2087
Let b be (7 - 2) + 3*-1. List the prime factors of ((-1099)/b)/((-7)/2 + 3).
7, 157
Let r be (33*4/(-30))/(20/50). What are the prime factors of 6/(-11) + (-2811)/r?
3, 5, 17
Let k = -8014 - -14523. What are the prime factors of k?
23, 283
Let m = -11 - -1